. Let n = 3 + 2. Suppose 27 = -n*m + t, 8 + 7 = -3*m + t. Determine g(m).
-3
Let p(t) = -t**3 + 4*t**2 + 4*t - 5. Let k be (0 + 2)*3 + -2. Determine p(k).
11
Let b(k) = -5*k**2 + 4*k**2 + 0*k**2 + 1. Let x be 1*4 - (3 + 2). Determine b(x).
0
Let g(i) = -3*i**2 - i + 4*i - 4*i. Let t(l) = l - 8. Let d be t(7). Determine g(d).
-2
Let j(r) = 3*r**2 - 4 - r**2 - r**2. What is j(-3)?
5
Suppose 5*j = n, 2*j + 2*j = 2*n - 18. Suppose -3*x - n = -8*x. Let u(t) = -2*t**2 + 3*t + 3. Give u(x).
-6
Suppose 3*m - 3 = -5*w, -m = -2*w + 4*w. Let y(h) = h**3 - 5*h**2 - 6*h - 3. What is y(m)?
-3
Let a(m) = 2*m + 4. Suppose 5*q - 3*b + 8 = 21, 0 = -3*q + b + 11. Suppose q*k = k + 4. Suppose -y + 0 = -4*u - k, 0 = 3*y - 4*u + 5. Determine a(y).
-2
Let d(y) = y**3 - 6*y**2 + 3*y + 4. Let s be d(4). Let a = s - -26. Let f(o) = 9*o**2 - 1 + 5 - a*o**2 - 6*o. What is f(-6)?
4
Let h(v) be the second derivative of -1/3*v**3 + v - 1/24*v**4 + 0 + 1/2*v**2. Let z(j) be the first derivative of h(j). What is z(-4)?
2
Let b(u) be the first derivative of -u**3/3 + 3*u**2 + 3*u - 43. Determine b(4).
11
Let c(k) = -3*k**2 + 28*k - 14. Suppose 10 = -y + 5*f, -5*y + 4*f - 2*f + 19 = 0. Let h(l) = -2*l**2 + 19*l - 9. Let u(v) = y*c(v) - 7*h(v). Determine u(5).
3
Let g = -17 + 14. Let a(y) = y + 2. Determine a(g).
-1
Let n(v) = v + 1. Let l be (1/4)/(3/12). Determine n(l).
2
Let t be (-4)/16 + 29/4. Let v = -9 + t. Let a(f) = 2 - f**2 - 6 + 1 - 5*f. What is a(v)?
3
Let w(g) be the first derivative of -g**4/4 - 7*g - 7. Let s = -39 + 39. Calculate w(s).
-7
Let z = -8 + 27. Let q = z - 4. Let k = q + -21. Let i(d) = -d**3 - 6*d**2 - 6. Calculate i(k).
-6
Let p(a) = -4*a**3 + a - 2. Let g(j) = -4*j**3 + 2*j - 3. Let y(o) = 3*g(o) - 4*p(o). Suppose 4 = -3*d + 7. What is y(d)?
5
Let g be (-2)/8*8/(-6). Let w(s) be the first derivative of 0*s**2 + 2*s - g*s**3 + 2. Determine w(-2).
-2
Let z = 6 + -7. Let y(p) = -p**3 + 5*p**2 + 7*p - 3. Let x be y(6). Let o = z - x. Let q(j) = 2*j + 5. Calculate q(o).
-3
Let o = -10 + 17. Let n(i) = i - 2*i + 0*i - o. Suppose 4*u + 15 = 5*y, -5*y + 15 = u - 0*y. Determine n(u).
-7
Let t be -1 + (5 - 3)*12. Suppose -6 = q + 2*x, 3*q = 2*x + t - 1. Let m(n) = 5*n - q*n + n - 8*n**2 - n. What is m(1)?
-7
Let j(h) = -3*h - 4. Let z be j(-3). Suppose v + z = 7. Let o(s) be the first derivative of 2*s**3/3 - s**2 - 2*s + 1. What is o(v)?
2
Let u(o) = -1 + 1 + 0 - 1 + 10*o. Calculate u(2).
19
Let l(h) = -h**3 - 6*h**2 + 8*h + 10. Let r be l(-7). Let b(m) be the third derivative of -m**5/30 + m**4/6 - m**3/6 + 29*m**2. What is b(r)?
-7
Let f(c) be the first derivative of 9*c - 3 + 1 + c**2 + 2*c - 4*c. Give f(-5).
-3
Let j(p) = -p + 15. Let t be j(14). Let n = t - -2. Let l(m) = 4*m - 2. Let a(k) = -2*k + 1. Let r(w) = 5*a(w) + 3*l(w). What is r(n)?
5
Let v(n) = -n**3 + 4*n**2 - n - 1. Let o be ((-28)/20 + 2)*5. Calculate v(o).
5
Let j be 4/6 + 370/(-15). Let r = -19 - j. Let q(g) = g**3 - 4*g**2 - 5*g - 1. Determine q(r).
-1
Let g(o) = -23*o + 9*o - 14*o**3 - 24 + 11*o**2 + 16. Let y(a) = -5*a**3 + 4*a**2 - 5*a - 3. Let t(b) = 4*g(b) - 11*y(b). Give t(1).
-1
Suppose -a + 7 - 2 = 0. Let q(h) = 8 + a - h**3 - 3 - 6 + h. Calculate q(0).
4
Let y(o) be the third derivative of -o**5/60 + o**4/4 - 5*o**3/6 - 9*o**2. Determine y(7).
-12
Let f(r) = r**3 + 3*r**2 - 3*r + 2. Let n(c) = 3*c**3 + c. Let j be n(-1). Calculate f(j).
-2
Let o(r) be the second derivative of 0 - 1/12*r**4 + 1/3*r**3 - 3/2*r**2 + 3*r. What is o(2)?
-3
Suppose -j + 4 = -0. Let p(g) = g**2 - 4*g - 1. Determine p(j).
-1
Suppose 4*w = -0*w + 32. Suppose w + 1 = 3*c. Let r(v) be the third derivative of v**6/120 - v**5/15 + v**4/24 - v**2. Calculate r(c).
-6
Let q(d) be the first derivative of 2/3*d**3 + 0*d**4 + 1/20*d**5 - 1/180*d**6 + 0*d - 2 + 0*d**2. Let g(c) be the third derivative of q(c). What is g(4)?
-8
Let d(w) be the third derivative of w**4/24 + 10*w**3/3 - w**2. Let c be d(0). Suppose c = -r + 6*r. Let b(v) = -v**3 + 2*v**2 + 6*v - 1. Calculate b(r).
-9
Let g(f) = -4*f - 12. Let o(w) = 9*w + 24. Let p(v) = 5*g(v) + 3*o(v). Let i = 11 - 5. Let x(j) = -20*j - 35. Let d(s) = i*x(s) + 17*p(s). What is d(-3)?
-3
Let q(o) = -3*o**3 + o**2. Let a(g) = 2*g. Let f be a(-3). Let d be (f/9)/((-2)/9). Suppose 3 = d*z - 0. What is q(z)?
-2
Let u = -3 + 0. Let c be (-4)/(u/(-12)*2). Let l(i) = -i - 9. Let d be l(c). Let w(j) = 4*j**2 - 1. What is w(d)?
3
Let l(h) = 6*h - 7*h + 2*h**2 + 0*h**2 - 3. Give l(-3).
18
Let u = 2 - 4. Let g = u + 4. Let k(c) = -c**2 - c + 2. Give k(g).
-4
Let g(w) = 2*w**2 - 4*w + 2. Let o(i) = i**2 + 1. Let r(v) = -g(v) + 3*o(v). Let m(l) = -l**3 - l**2 - 2. Let k be m(0). Determine r(k).
-3
Suppose -5*q + x - 14 = 0, 2*x - 10 = 3*q + 3*x. Let t(h) = h**2 + 4*h + 1. Determine t(q).
-2
Let l(m) be the third derivative of -m**8/6720 + m**7/504 + m**5/60 - m**4/24 + 3*m**2. Let s(q) be the second derivative of l(q). Calculate s(5).
2
Let x(z) be the third derivative of 1/6*z**3 + 0 + 2*z**2 + 0*z - 1/24*z**4. Let k be (-1 + 3 + -2)/(-1). Calculate x(k).
1
Let u(d) = d**2 - 2*d + 2. Suppose k = -k + 4. Let g be u(k). Let s(j) = 0*j**2 - 2 + j - j**2 + 4*j. Give s(g).
4
Let c(v) = 2*v - 7. Let a be c(5). Let r(u) = -44*u**3 + 4*u + 3 - 6 + u**2 + 43*u**a. What is r(3)?
-9
Let z(m) = -2*m + 2. Let d be z(-2). Let w(q) = q**3 - 6*q**2 - q - 4. Give w(d).
-10
Suppose y = -d, d + 5*y + 5 = -3. Let j(f) = 5 - d*f + 2 - 3. Suppose 0 = -4*i - 12. What is j(i)?
10
Let a(v) be the first derivative of -v**4/4 - 2*v**3 + 4*v**2 + 10*v + 8. Calculate a(-7).
3
Let v(g) = g**2 + 6*g - 5. Let l = -5 - 2. Let c be v(l). Suppose m - 5 = 2*m - y, 0 = -y + c. Let f(w) = w**2 + w. What is f(m)?
6
Let z = 16 - 14. Let h(t) = t**3 + t**2 + t + 1. Let k(i) = -i**3 + 4*i**2 + i - 4. Let a(w) = z*h(w) + k(w). Determine a(-5).
8
Let d(a) = 0*a + 7*a**2 + 2*a + a**3 + 3*a - 1. Let m(i) = i - 6. Let u be m(10). Suppose -3*c = -5*y + 3, -u*c - 18 = -0*c - 2*y. Calculate d(c).
5
Let d(k) be the second derivative of k**5/20 - k**4/6 - k**3/3 + k**2 + 151*k. Let z = -4 - -6. Give d(z).
-2
Let h = 0 - 0. Suppose q - 6*q + 5*s + 20 = 0, 2*s + 14 = 3*q. Let g(o) = -5 + o + 5 - q. Determine g(h).
-6
Let z = -4 + 10. Let n(l) = 4*l + 14*l - z - l**2 - 27*l. Determine n(-7).
8
Suppose -5*n = -0*n - 10. Let f(b) = -3*b + 0*b**2 + b**n + 5*b - 2. Give f(2).
6
Let a be 96/(-44) - 4/(-22). Let b(m) = m**3 + 2*m**2 - 3*m - 2. Calculate b(a).
4
Let x(c) be the second derivative of -c**3/2 - 2*c**2 - 2*c. Let o(u) = 4*u + 3. Let n be -8 + 5 + (-3 - -8). Let j(a) = n*o(a) + 3*x(a). Calculate j(-5).
-1
Let l be (-2)/8 - 34/(-8). Let d(v) = 5. Let k(r) = r - 4*r - 2*r + 6*r - 1. Let t(z) = -d(z) + k(z). Calculate t(l).
-2
Let r be 1/3*(-1 - -10). Suppose 0 = 5*c + 25 - 5, -r*w - 2*c + 7 = 0. Let h(n) = -4*n**3 + 3*n**3 - 4*n - w*n**2 + n + 3. Determine h(-4).
-1
Let f(q) be the first derivative of q**2/2 + q - 11. Calculate f(5).
6
Let c(h) = -h**2 - 3*h + 2. Let s be -2*((-23)/2 + 2). Let j = -13 + s. Suppose q = -q - j. Calculate c(q).
2
Let a = 10 - 5. Suppose a*x + 160 = 4*i - 0*i, 0 = 2*x. Let w be (-8)/i - 16/(-5). Let q(t) = t**2 - 5*t + 3. Calculate q(w).
-3
Let y(p) be the first derivative of p**4/2 + 4*p**3/3 + p**2/2 - 2*p + 583. Suppose 36 = -3*v - v. Let n be v/4 + (-1)/(-4). What is y(n)?
-4
Let z(h) = -h**2 - 9*h + 24. Let x be z(-11). Let d(o) = 3*o**2 - o. What is d(x)?
10
Let f = 23 - 19. Let m(h) = 5*h - 3*h**2 + 0*h**2 - h - f + 2*h**2. What is m(3)?
-1
Let c(k) be the second derivative of k**3/6 + k**2 + 38*k. Let i(o) = o**3 - 4*o**2 - 7*o + 5. Let v be i(5). Determine c(v).
-3
Let h(i) = i**2 - 5*i - 1. Let t(k) = k - 4. Let w be t(6). Suppose 7*o = w*b + 2*o - 12, -12 = -2*b - o. Determine h(b).
5
Let g be 108/63*14/4. Let y = -7 + g. Let m(q) = -10*q - 16. Let d(l) = 3*l + 5. Let p(i) = 16*d(i) + 5*m(i). Give p(y).
2
Let a(y) = y - 11. Let b be a(3). Let s(q) = -q - 10. Determine s(b).
-2
Let w(l) = l**2 + 4*l - 1. Let g be (-3)/15*1 - 18/10. Determine w(g).
-5
Let j be 29/(-5) - 2/10. Let k(s) = -5*s**2 + 4*s**3 + 0 + 9 + 0 - 5*s**3 + 7*s. Calculate k(j).
3
Let x(y) = -3*y**3 - 13*y**2 - 4*y - 3. Let v(c) = 2*c**3 + 12*c**2 + 3*c + 2. Let f(w) = 4*v(w) + 3*x(w). Calculate f(9).
-1
Let a(c) = 6*c